{"id":347,"date":"2017-11-02T17:14:15","date_gmt":"2017-11-02T14:14:15","guid":{"rendered":"http:\/\/http:\/\/test.nds-service.com?page_id=347"},"modified":"2024-08-23T10:16:01","modified_gmt":"2024-08-23T07:16:01","slug":"produse-si-servicii-ro","status":"publish","type":"page","link":"https:\/\/nds-service.com\/?page_id=347","title":{"rendered":"Produse si servicii &#8211; RO"},"content":{"rendered":"<div class=\"section-full-width section-custom\" style=\"\" id=\"section-1\"><div class=\"section-boxed\" style=\"color:#;\"><\/p>\n<h5 style=\"text-align: center;\">Net Digital Service \u0219i-a \u00eenceput activitatea \u00een 2007, dedic\u00e2ndu-se dezvolt\u0103rii solu\u021biilor de \u00eenalt\u0103 calitate pentru diverse industrii.<\/h5>\n<h5 style=\"text-align: center;\">Compania este specializat\u0103 \u00een produc\u021bia de <strong>\u0219abloane SMT<\/strong>, realizate prin t\u0103iere laser, esen\u021biale pentru industria electronic\u0103. De asemenea, oferim <strong>filme\u00a0<\/strong><strong>cu emulsie,\u00a0<\/strong><strong>de mari dimensiuni<\/strong>, utilizate pe scar\u0103 larg\u0103 \u00een fabricarea parbrizelor si in productia de site serigrafice.<\/h5>\n<h5 style=\"text-align: center;\">Prin inova\u021bie \u0219i expertiz\u0103, ne-am consolidat pozi\u021bia pe pia\u021b\u0103, venind \u00een \u00eent\u00e2mpinarea nevoilor clien\u021bilor no\u0219tri din diverse sectoare industriale.<\/h5>\n<h5 style=\"text-align: center;\">Suntem parte a unui grup de companii cu o <strong>experien\u021b\u0103 de peste 25 de ani \u00een Europa de Vest<\/strong>, ceea ce ne permite s\u0103 oferim produse \u0219i servicii de cea mai bun\u0103 calitate.<\/h5>\n<p>\n<\/div><\/div>\n<div class=\"section-full-width section-light2 parallax-fixed\" style=\"background-color:#1A3954;\" id=\"section-2\"><div style=\"background-image:url(http:\/\/nds-service.com\/wp-content\/uploads\/2015\/01\/hand-drawn3.jpg); opacity:0.7; filter: alpha(opacity=70);\" class=\"full-bg-image\" ><\/div><div class=\"section-boxed\" style=\"color:#777777;\"><div class=\"services-wrapper services-fullbox cols-wrapper cols-3\" style=\"background-color:#252525;color:#ffffff;\"><div class=\"services-box col\"><a href=\"http:\/\/nds-service.com\/?page_id=327&#038;lang=ro\"><div class=\"img-container\"><img decoding=\"async\" src=\"http:\/\/nds-service.com\/wp-content\/uploads\/2017\/12\/laser-800x600-618x411.jpg\" alt=\"\u0218abloane SMT\"\/><\/div><\/a><div class=\"services-content\"><div class=\"sc-wraper\"><h3><a href=\"http:\/\/nds-service.com\/?page_id=327&#038;lang=ro\">\u0218abloane SMT<\/a><\/h3><p>Reprezint\u0103 standardul \u00een domeniu. Caracteristicile principale ale \u0219abloanele sunt acurate\u021bea foarte mare \u0219i repetabilitatea procesului de imprimare.<\/p><\/div><\/div><\/div><div class=\"services-box col\"><a href=\"http:\/\/nds-service.com\/?page_id=336&#038;lang=ro\"><div class=\"img-container\"><img decoding=\"async\" src=\"http:\/\/nds-service.com\/wp-content\/uploads\/2017\/12\/plotter-800x600-618x411.jpg\" alt=\"Filme cu emulsie, de mari dimensiuni, pentru serigrafie\"\/><\/div><\/a><div class=\"services-content\"><div class=\"sc-wraper\"><h3><a href=\"http:\/\/nds-service.com\/?page_id=336&#038;lang=ro\">Filme cu emulsie, de mari dimensiuni, pentru serigrafie<\/a><\/h3><p>Filme de p\u00e2n\u0103 la 1600 x 2450 mm \u0219i rezolu\u021bii de p\u00e2n\u0103 la 20000 dpi.\r\n<\/br>Plotterul nostru Barco Gigasetter este unul dintre pu\u021binele plottere de acest fel din lume.<\/p><\/div><\/div><\/div><div class=\"services-box col nomargin\"><a href=\"http:\/\/nds-service.com\/ro\/sabloane-smt-3\/\"><div class=\"img-container\"><img decoding=\"async\" src=\"http:\/\/nds-service.com\/wp-content\/uploads\/DSC05980-scaled-618x411.jpg\" alt=\"Scan Stencil\"\/><\/div><\/a><div class=\"services-content\"><div class=\"sc-wraper\"><h3><a href=\"http:\/\/nds-service.com\/ro\/sabloane-smt-3\/\">Scan Stencil<\/a><\/h3><p>Inspec\u021bie automat\u0103 a sitelor \u0219i a \u0219abloanelor SMT<\/p><\/div><\/div><\/div><div class=\"clear\"><\/div><\/div>\n<\/div><\/div>\n<div class=\"section-full-width section-light parallax-fixed\" style=\"background-color:#f7f7f7;\" id=\"section-3\"><div style=\"background-image:url(http:\/\/nds-service.com\/wp-content\/uploads\/background_contact_us.jpg); opacity:0.2; filter: alpha(opacity=20);\" class=\"full-bg-image\" ><\/div><div class=\"section-boxed\" style=\"color:#777777;\"><div class=\"cta-element\"><h4 class=\"cta-small-title\">Pentru orice \u00eentrebare pute\u021bi s\u0103 ne trimite\u021bi un e-mail la<\/h4><h2 class=\"cta-title\">STENCIL@STV-GROUP.COM<\/h2><a class=\"button\" href=\"mailto:stencil@stv-group.com\" target=\"_blank\">contacta\u021bi-ne<\/a><\/div>\n<\/div><\/div>\n","protected":false},"excerpt":{"rendered":"","protected":false},"author":1,"featured_media":0,"parent":0,"menu_order":0,"comment_status":"closed","ping_status":"closed","template":"template-full-custom.php","meta":{"footnotes":""},"class_list":["post-347","page","type-page","status-publish","hentry"],"_links":{"self":[{"href":"https:\/\/nds-service.com\/index.php?rest_route=\/wp\/v2\/pages\/347","targetHints":{"allow":["GET"]}}],"collection":[{"href":"https:\/\/nds-service.com\/index.php?rest_route=\/wp\/v2\/pages"}],"about":[{"href":"https:\/\/nds-service.com\/index.php?rest_route=\/wp\/v2\/types\/page"}],"author":[{"embeddable":true,"href":"https:\/\/nds-service.com\/index.php?rest_route=\/wp\/v2\/users\/1"}],"replies":[{"embeddable":true,"href":"https:\/\/nds-service.com\/index.php?rest_route=%2Fwp%2Fv2%2Fcomments&post=347"}],"version-history":[{"count":0,"href":"https:\/\/nds-service.com\/index.php?rest_route=\/wp\/v2\/pages\/347\/revisions"}],"wp:attachment":[{"href":"https:\/\/nds-service.com\/index.php?rest_route=%2Fwp%2Fv2%2Fmedia&parent=347"}],"curies":[{"name":"wp","href":"https:\/\/api.w.org\/{rel}","templated":true}]}}