{"id":3300,"date":"2024-08-21T09:07:17","date_gmt":"2024-08-21T06:07:17","guid":{"rendered":"https:\/\/nds-service.com\/?page_id=3300"},"modified":"2024-08-23T10:16:15","modified_gmt":"2024-08-23T07:16:15","slug":"produse-si-servicii-hu","status":"publish","type":"page","link":"https:\/\/nds-service.com\/?page_id=3300&lang=hu","title":{"rendered":"Produse si servicii &#8211; HU"},"content":{"rendered":"<div class=\"section-full-width section-custom\" style=\"\" id=\"section-1\"><div class=\"section-boxed\" style=\"color:#;\"><\/p>\n<h5 style=\"text-align: center;\">C\u00e9g\u00fcnk, a Net Digital Service 2007-ben alakult, tev\u00e9kenys\u00e9gi k\u00f6r\u00fcnkbe tartozik az SMT sablonok gy\u00e1rt\u00e1sa (l\u00e9zerv\u00e1g\u00e1ssal) az elektronikai ipar sz\u00e1m\u00e1ra, nagym\u00e9ret\u0171 ipari filmek gy\u00e1rt\u00e1sa igen nagy v\u00e1laszt\u00e9kban a sz\u00e9lv\u00e9d\u0151ipar sz\u00e1m\u00e1ra \u00e9s foglalkozunk k\u00e9miai fotograv\u00edroz\u00e1ssal is.<\/h5>\n<h5 style=\"text-align: center;\">\nC\u00e9gcsoportunk, amelyhez tartozunk, t\u00f6bb mint 25 \u00e9ve m\u0171k\u00f6dik a nyugat-eur\u00f3pai piacon.<\/h5>\n<p>\n<\/div><\/div>\n<div class=\"section-full-width section-light2 parallax-fixed\" style=\"background-color:#1A3954;\" id=\"section-2\"><div style=\"background-image:url(http:\/\/nds-service.com\/wp-content\/uploads\/2015\/01\/hand-drawn3.jpg); opacity:0.7; filter: alpha(opacity=70);\" class=\"full-bg-image\" ><\/div><div class=\"section-boxed\" style=\"color:#777777;\"><div class=\"services-wrapper services-fullbox cols-wrapper cols-3\" style=\"background-color:#252525;color:#ffffff;\"><div class=\"services-box col\"><div class=\"img-container\"><img decoding=\"async\" src=\"http:\/\/nds-service.com\/wp-content\/uploads\/2017\/12\/laser-800x600-618x411.jpg\" alt=\"SMT sablonok\"\/><\/div><div class=\"services-content\"><div class=\"sc-wraper\"><h3>SMT sablonok<\/h3><p>SMT sablonok az ismert szabv\u00e1nyoknak megfelel\u0151en. A stencilek f\u0151 jellemz\u0151je, hogy nagyon pontoss\u00e1 \u00e9s k\u00f6nnyen  megism\u00e9telhet\u0151v\u00e9 teszik a  nyomtat\u00e1si folyamatot.<\/p><\/div><\/div><\/div><div class=\"services-box col\"><div class=\"img-container\"><img decoding=\"async\" src=\"http:\/\/nds-service.com\/wp-content\/uploads\/plotter-1700x463-618x411.jpg\" alt=\"Ipari filmek nyomtat\u00e1sa\"\/><\/div><div class=\"services-content\"><div class=\"sc-wraper\"><h3>Ipari filmek nyomtat\u00e1sa<\/h3><p>Maxim\u00e1lis film m\u00e9ret 1600 x 2450 mm, max. felbont\u00e1s 20000 dpi.\r\nNagy felbont\u00e1sa \u00e9s m\u00e9rtei miatt ritka t\u00edpus\u00fa Barco Gigasetter nyomtat\u00f3nk,  egyik, azon kevesek  k\u00f6z\u00f6tt mely jelenleg haszn\u00e1latban van a vil\u00e1gon.<\/p><\/div><\/div><\/div><div class=\"services-box col nomargin\"><div class=\"img-container\"><img decoding=\"async\" src=\"http:\/\/nds-service.com\/wp-content\/uploads\/DSC05980-scaled-618x411.jpg\" alt=\"Scan Stencil\"\/><\/div><div class=\"services-content\"><div class=\"sc-wraper\"><h3>Scan Stencil<\/h3><p>Automatikus sablonvizsg\u00e1lat<\/p><\/div><\/div><\/div><div class=\"clear\"><\/div><\/div>\n<\/div><\/div>\n<div class=\"section-full-width section-light parallax-fixed\" style=\"background-color:#f7f7f7;\" id=\"section-3\"><div style=\"background-image:url(http:\/\/nds-service.com\/wp-content\/uploads\/background_contact_us.jpg); opacity:0.2; filter: alpha(opacity=20);\" class=\"full-bg-image\" ><\/div><div class=\"section-boxed\" style=\"color:#777777;\"><div class=\"cta-element\"><h4 class=\"cta-small-title\">b\u00e1rmilyen k\u00e9rd\u00e9ssel keressen minket bizalommal, az alabbi e-mail c\u00edmen<\/h4><h2 class=\"cta-title\">STENCIL@STV-GROUP.COM<\/h2><a class=\"button\" href=\"mailto:stencil@stv-group.com\" target=\"_blank\">\u00cdrjon nek\u00fcnk<\/a><\/div>\n<\/div><\/div>\n","protected":false},"excerpt":{"rendered":"","protected":false},"author":1,"featured_media":0,"parent":0,"menu_order":0,"comment_status":"closed","ping_status":"closed","template":"template-full-custom.php","meta":{"footnotes":""},"class_list":["post-3300","page","type-page","status-publish","hentry"],"_links":{"self":[{"href":"https:\/\/nds-service.com\/index.php?rest_route=\/wp\/v2\/pages\/3300","targetHints":{"allow":["GET"]}}],"collection":[{"href":"https:\/\/nds-service.com\/index.php?rest_route=\/wp\/v2\/pages"}],"about":[{"href":"https:\/\/nds-service.com\/index.php?rest_route=\/wp\/v2\/types\/page"}],"author":[{"embeddable":true,"href":"https:\/\/nds-service.com\/index.php?rest_route=\/wp\/v2\/users\/1"}],"replies":[{"embeddable":true,"href":"https:\/\/nds-service.com\/index.php?rest_route=%2Fwp%2Fv2%2Fcomments&post=3300"}],"version-history":[{"count":0,"href":"https:\/\/nds-service.com\/index.php?rest_route=\/wp\/v2\/pages\/3300\/revisions"}],"wp:attachment":[{"href":"https:\/\/nds-service.com\/index.php?rest_route=%2Fwp%2Fv2%2Fmedia&parent=3300"}],"curies":[{"name":"wp","href":"https:\/\/api.w.org\/{rel}","templated":true}]}}