{"id":226,"date":"2017-09-05T16:09:32","date_gmt":"2017-09-05T14:09:32","guid":{"rendered":"http:\/\/http:\/\/test.nds-service.com?page_id=226"},"modified":"2024-08-23T09:54:51","modified_gmt":"2024-08-23T06:54:51","slug":"home-ro","status":"publish","type":"page","link":"http:\/\/nds-service.com\/","title":{"rendered":"Home &#8211; RO"},"content":{"rendered":"<div class=\"section-full-width section-light2\" style=\"background-color:#f7f7f7;\" id=\"netdigitalservice\"><div class=\"section-boxed\" style=\"color:#777777;\"><h2 class=\"section-title\" style=\"color:#252525;\">Net Digital Service<\/h2><h4 style=\"color:#252525;\" class=\"sub-title\">DOMENII DE ACTIVITATE<\/h4><\/p>\n<h5 style=\"text-align: center;\">Suntem m\u00e2ndri c\u0103 facem parte din <strong><a href=\"https:\/\/www.stv-group.com\/\" target=\"_blank\" rel=\"noopener noreferrer\"><span style=\"color: #ff6600;\">STV Group<\/span><\/a><\/strong>, un nume de referin\u021b\u0103 \u00een domeniul produc\u021biei de \u0219abloane SMT \u0219i site serigrafice.<\/h5>\n<h5 style=\"text-align: center;\">De peste 30 de ani, oferim solu\u021bii complete \u0219i personalizate pentru o gam\u0103 larg\u0103 de clien\u021bi din industria electronic\u0103 \u0219i auto.<\/h5>\n<h5 style=\"text-align: center;\">Producem stenciluri (\u0219abloane) SMT prin decupare laser, filme cu emulsie, de mari dimensiuni, pentru fotolitografie \u0219i asigur\u0103m servicii de proiectare CAD.<\/h5>\n<h5 style=\"text-align: center;\">Colabor\u0103m cu nume importante din industria auto, precum Saint Gobain, AGC \u0219i Pilkington, din Rom\u00e2nia, Italia, Fran\u021ba, Ungaria, Cehia \u0219i Brazilia, de peste 30 de ani. Aceast\u0103 colaborare \u00eendelungat\u0103 demonstreaz\u0103 \u00eencrederea reciproc\u0103 \u0219i succesul rela\u021biei noastre.<\/h5>\n<div class=\"services-wrapper services-icon cols-wrapper cols-3 pexeto-parallax\"><div class=\"services-box col\"><a href=\"https:\/\/nds-service.com\/?page_id=327\"><div class=\"img-container\"><img decoding=\"async\" src=\"http:\/\/nds-service.com\/wp-content\/uploads\/2017\/09\/smt_ico-130x130.png\" alt=\"T\u0103iere laser \u0219abloane SMT\"\/><\/div><\/a><div class=\"services-content\"><div class=\"sc-wraper\"><h3><a href=\"https:\/\/nds-service.com\/?page_id=327\">T\u0103iere laser \u0219abloane SMT<\/a><\/h3><p>Firma noastr\u0103 dispune de tehnologia \u0219i know-how-ul necesare pentru a produce aceste \u0219abloane at\u00e2t prin decupare laser, c\u00e2t \u0219i prin procedee de fotoinciziune chimic\u0103, fiind activ\u0103 pe pia\u021ba din Europa de Vest de mai mul\u021bi ani.<\/p><\/div><\/div><\/div><div class=\"services-box col\"><a href=\"http:\/\/nds-service.com\/?page_id=336&#038;lang=ro\"><div class=\"img-container\"><img decoding=\"async\" src=\"http:\/\/nds-service.com\/wp-content\/uploads\/2017\/09\/plot_ico-130x130.png\" alt=\"Filme serigrafice cu emulsie, de mari dimensiuni\"\/><\/div><\/a><div class=\"services-content\"><div class=\"sc-wraper\"><h3><a href=\"http:\/\/nds-service.com\/?page_id=336&#038;lang=ro\">Filme serigrafice cu emulsie, de mari dimensiuni<\/a><\/h3><p>Dispunem de un plotter fotografic BARCO GIGASETTER ce permite imprimarea unor filme de mari dimensiuni (1600 x 2450 mm) la rezolu\u021bii mari (de p\u00e2n\u0103 la 20000 dpi), acesta fiind unul dintre pu\u021binele aparate de acest tip din lume.<\/p><\/div><\/div><\/div><div class=\"services-box col nomargin\"><a href=\"https:\/\/nds-service.com\/?page_id=1638\"><div class=\"img-container\"><img decoding=\"async\" src=\"http:\/\/nds-service.com\/wp-content\/uploads\/clean-room-130x130.png\" alt=\"Scan Stencil\"\/><\/div><\/a><div class=\"services-content\"><div class=\"sc-wraper\"><h3><a href=\"https:\/\/nds-service.com\/?page_id=1638\">Scan Stencil<\/a><\/h3><p>Inspec\u021bie 100% automat\u0103 a stencilurilor pentru absen\u021ba \/ prezen\u021ba, pozi\u021bia \u0219i dimensiunea aperturilor<\/p><\/div><\/div><\/div><div class=\"clear\"><\/div><\/div>\n<p>&nbsp;<\/p>\n<p>\n<\/div><\/div>\n<div class=\"section-full-width section-dark\" style=\"background-color:#252525; min-height:800px;\" id=\"section-1\"><div class=\"section-boxed\" style=\"color:#ffffff;\"><\/div><\/div>\n<div class=\"section-full-width section-dark parallax-fixed\" style=\"background-color:#1A3954;\" id=\"section-2\"><div style=\"background-image:url(http:\/\/nds-service.com\/wp-content\/uploads\/2017\/12\/6cd1a0308a4586e9bd7fb0eb208f40f6.jpg); opacity:0.1; filter: alpha(opacity=10);\" class=\"full-bg-image\" ><\/div><div class=\"section-boxed\" style=\"color:#ffffff;\"><div class=\"pexeto-recent-posts rp-list\"><h3 class=\"rp-title\">Ultimele stiri<\/h3><ul><li><span class=\"rp-date\">June 14, 2024<\/span><div class=\"rp-info\"><h3><a href=\"https:\/\/nds-service.com\/?p=3280&lang=en\" data-hover=\"NEW to our portfolio: Electropolishing treatment\">NEW to our portfolio: Electropolishing treatment<\/a><\/h3><\/div><span class=\"rp-cat\"><a href=\"https:\/\/nds-service.com\/?cat=118&lang=en\">News<\/a><\/span><\/li><li><span class=\"rp-date\">June 14, 2024<\/span><div class=\"rp-info\"><h3><a href=\"https:\/\/nds-service.com\/?p=3233\" data-hover=\"NOU \u00een portofoliul nostru: Aplicarea tratamentului de electrolustruire galvanic\u0103 (Electropolish)\">NOU \u00een portofoliul nostru: Aplicarea tratamentului de electrolustruire galvanic\u0103 (Electropolish)<\/a><\/h3><\/div><span class=\"rp-cat\"><a href=\"https:\/\/nds-service.com\/?cat=120\">Noutati<\/a><\/span><\/li><\/ul><\/div>\n<\/div><\/div>\n<div class=\"section-full-width section-light parallax-fixed\" style=\"background-color:#f7f7f7;\" id=\"section-3\"><div style=\"background-image:url(http:\/\/nds-service.com\/wp-content\/uploads\/depositphotos_207151306-stock-photo-testimonials-icon-isolated-special-blue.webp); opacity:0.1; filter: alpha(opacity=10);\" class=\"full-bg-image\" ><\/div><div class=\"section-boxed\" style=\"color:#777777;\"><div class=\"testimonial-slider\" data-autoplay=\"true\"><div class=\"testimonial-container no-image\"><div class=\"testimonial-wrapper\"><div class=\"testimonial-info\"><div class=\"testimonials-details\"><h2>Vlad Ionescu<\/h2><span>Inginer SMT \/ <a href=\"#\">Meferstein<\/a><\/span><\/div><\/div><blockquote><p>Doresc s\u0103 v\u0103 informez c\u0103 stencilurile comandate ieri se prezint\u0103 impecabil. V\u0103 mul\u021bumesc pentru timpul scurt de livrare \u0219i pentru suportul acordat. Mul\u021bumesc!<\/p><\/blockquote><\/div><\/div><div class=\"testimonial-container no-image\"><div class=\"testimonial-wrapper\"><div class=\"testimonial-info\"><div class=\"testimonials-details\"><h2>Petru Baciau<\/h2><span>NPI Engineer \/ <a href=\"https:\/\/www.celestica.com\/\">Celestica<\/a><\/span><\/div><\/div><blockquote><p>\u00cen ultimii ani, Net Digital Service a devenit un furnizor indispensabil pentru noi.\r\nPolitica dumneavoastr\u0103 de livrare a stencilurilor \u00een aceea\u0219i zi s-a dovedit a fi un punct cheie pentru noi \u0219i implicit pentru clien\u021bii no\u0219tri.<\/p><\/blockquote><\/div><\/div><\/div>\n<\/div><\/div>\n<div class=\"section-full-width section-light parallax-fixed\" style=\"background-color:#f7f7f7;\" id=\"section-4\"><div style=\"background-image:url(http:\/\/nds-service.com\/wp-content\/uploads\/2015\/01\/office-girl.jpg); opacity:1; filter: alpha(opacity=100);\" class=\"full-bg-image\" ><\/div><div class=\"section-boxed\" style=\"color:#777777;\"><\/p>\n<div class=\"cols-wrapper cols-2\">\n<div class=\"col\">\n<h3><strong>Ofert\u0103 comercial\u0103<br \/>\n<\/strong><\/h3>\n<ul class=\"bullet_arrow4 imglist\">\n<li>Livrare <span class=\"dia_suggestion w1\" contextmenu=\"true\">rapid\u0103<\/span> (pentru firmele <span class=\"dia_suggestion w4\" contextmenu=\"true\">din<\/span> Oradea livrarea poate avea loc <span class=\"dia_suggestion w10\" contextmenu=\"true\">\u00een<\/span> <span class=\"dia_suggestion w11\" contextmenu=\"true\">aceea\u0219i<\/span> zi <span class=\"dia_suggestion w13\" contextmenu=\"true\">\u00een<\/span> <span class=\"dia_suggestion w14\" contextmenu=\"true\">care<\/span> <span class=\"dia_suggestion w15\" contextmenu=\"true\">fi\u0219ierul<\/span> gerber a fost primit) <span class=\"dia_suggestion w20\" contextmenu=\"true\">prin<\/span> intermediul firmelor de curierat <span class=\"dia_suggestion w25\" contextmenu=\"true\">rapid<\/span><\/li>\n<li>Costuri reduse de transport<\/li>\n<li><span class=\"dia_suggestion w0\" contextmenu=\"true\">Pre\u021buri<\/span> competitive<\/li>\n<li>Varietate <span class=\"dia_suggestion w1\" contextmenu=\"true\">crescut\u0103<\/span> de <span class=\"dia_suggestion w3\" contextmenu=\"true\">\u0219abloane<\/span> \u2013 oferim <span class=\"dia_suggestion w5\" contextmenu=\"true\">\u0219abloane<\/span> <span class=\"dia_suggestion w6\" contextmenu=\"true\">ob\u021binute<\/span> <span class=\"dia_suggestion w7\" contextmenu=\"true\"><span class=\"dia_suggestion w10\" contextmenu=\"true\">prin<\/span><\/span> electroforming <span class=\"dia_suggestion w9\" contextmenu=\"true\">sau<\/span> prin <span class=\"dia_suggestion w11\" contextmenu=\"true\">fotogravur\u0103<\/span> <span class=\"dia_suggestion w12\" contextmenu=\"true\">chimic\u0103<\/span> (produse <span class=\"dia_suggestion w14\" contextmenu=\"true\">\u00een<\/span> Italia)<\/li>\n<li>Comunicare <span class=\"dia_suggestion_done w1\" contextmenu=\"true\">excelent\u0103<\/span> <span class=\"dia_suggestion w2\" contextmenu=\"true\">\u0219i<\/span> disponibilitate pentru rezolvarea <span class=\"dia_suggestion w6\" contextmenu=\"true\">oric\u0103ror<\/span> <span class=\"dia_suggestion w7\" contextmenu=\"true\">situa\u021bii<\/span><\/li>\n<li><span class=\"dia_suggestion w0\" contextmenu=\"true\">Peste<\/span> 10 ani de <span class=\"dia_suggestion w3\" contextmenu=\"true\">experien\u021b\u0103<\/span> <span class=\"dia_suggestion w4\" contextmenu=\"true\">\u00een<\/span> <span class=\"dia_suggestion w5\" contextmenu=\"true\">produc\u021bia<\/span> de <span class=\"dia_suggestion w7\" contextmenu=\"true\">\u0219abloane<\/span> SMT<\/li>\n<li>Standarde de <span class=\"dia_suggestion_done w2\" contextmenu=\"true\">\u00eenalt\u0103<\/span> calitate, <span class=\"dia_suggestion w4\" contextmenu=\"true\">folosind<\/span> tehnologii de <span class=\"dia_suggestion_done w7\" contextmenu=\"true\">ultim\u0103<\/span> <span class=\"dia_suggestion w8\" contextmenu=\"true\">genera\u021bie<\/span><\/li>\n<\/ul>\n<p><a class=\"button\" href=\"https:\/\/nds-service.com\/?page_id=347\">AFLA MAI MULTE<\/a><\/p>\n<\/div>\n<div class=\"col nomargin\"><\/div>\n<\/div>\n<p>\n<\/div><\/div>\n<div class=\"section-full-width section-light parallax-fixed\" style=\"background-color:#f7f7f7;\" id=\"section-5\"><div style=\"background-image:url(http:\/\/nds-service.com\/wp-content\/uploads\/background_contact_us.jpg); opacity:0.2; filter: alpha(opacity=20);\" class=\"full-bg-image\" ><\/div><div class=\"section-boxed\" style=\"color:#777777;\"><div class=\"cta-element\"><h4 class=\"cta-small-title\">Pentru orice \u00eentrebare pute\u021bi s\u0103 ne trimite\u021bi un e-mail la<\/h4><h2 class=\"cta-title\">STENCIL@STV-GROUP.COM<\/h2><a class=\"button\" href=\"mailto:stencil@stv-group.com\" target=\"_blank\">contacta\u021bi-ne<\/a><\/div>\n<\/div><\/div>\n","protected":false},"excerpt":{"rendered":"","protected":false},"author":1,"featured_media":0,"parent":0,"menu_order":0,"comment_status":"closed","ping_status":"closed","template":"template-full-custom.php","meta":{"footnotes":""},"class_list":["post-226","page","type-page","status-publish","hentry"],"_links":{"self":[{"href":"https:\/\/nds-service.com\/index.php?rest_route=\/wp\/v2\/pages\/226","targetHints":{"allow":["GET"]}}],"collection":[{"href":"https:\/\/nds-service.com\/index.php?rest_route=\/wp\/v2\/pages"}],"about":[{"href":"https:\/\/nds-service.com\/index.php?rest_route=\/wp\/v2\/types\/page"}],"author":[{"embeddable":true,"href":"https:\/\/nds-service.com\/index.php?rest_route=\/wp\/v2\/users\/1"}],"replies":[{"embeddable":true,"href":"https:\/\/nds-service.com\/index.php?rest_route=%2Fwp%2Fv2%2Fcomments&post=226"}],"version-history":[{"count":0,"href":"https:\/\/nds-service.com\/index.php?rest_route=\/wp\/v2\/pages\/226\/revisions"}],"wp:attachment":[{"href":"https:\/\/nds-service.com\/index.php?rest_route=%2Fwp%2Fv2%2Fmedia&parent=226"}],"curies":[{"name":"wp","href":"https:\/\/api.w.org\/{rel}","templated":true}]}}