{"id":327,"date":"2017-11-02T17:09:12","date_gmt":"2017-11-02T15:09:12","guid":{"rendered":"http:\/\/http:\/\/test.nds-service.com?page_id=327"},"modified":"2024-08-23T10:24:23","modified_gmt":"2024-08-23T07:24:23","slug":"smt-ro","status":"publish","type":"page","link":"http:\/\/nds-service.com\/?page_id=327","title":{"rendered":"SMT &#8211; RO"},"content":{"rendered":"<div class=\"section-full-width section-custom\" style=\"\" id=\"section-1\"><div class=\"section-boxed\" style=\"color:#;\"><\/p>\n<h5 style=\"text-align: center;\" data-sourcepos=\"3:1-3:59\">Producem \u0219abloane SMT at\u00e2t prin decupare laser, c\u00e2t \u0219i prin procedee de fotoinciziune chimic\u0103. Aceste \u0219abloane pot fi compatibile cu principalele sisteme de rame autotensionante, \u0219abloane lipite, cu grosime variabil\u0103 (realizate \u00een fotoinciziune) etc.<\/h5>\n<h5 style=\"text-align: center;\" data-sourcepos=\"5:1-5:127\">Toate \u0219abloanele SMT produse de noi sunt concepute pentru o cantitate optim\u0103 de past\u0103 at\u00e2t pentru \u0219abloane prototip c\u00e2t \u0219i pentru produc\u021bia \u00een mas\u0103 a pl\u0103cilor cu circuite imprimate (PCB).<\/h5>\n<h5 style=\"text-align: center;\" data-sourcepos=\"7:1-7:97\">Echipa noastr\u0103 de ingineri v\u0103 poate oferi solu\u021bii personalizate conform specifica\u021biilor dvs.<\/h5>\n<h5 style=\"text-align: center;\"><\/h5>\n<p>\n<\/div><\/div>\n<div class=\"section-full-width section-light-bg parallax-fixed\" style=\"background-color:#f7f7f7;\" id=\"section-2\"><div style=\"background-image:url(http:\/\/nds-service.com\/wp-content\/uploads\/background-smt-2.jpg); opacity:0.2; filter: alpha(opacity=20);\" class=\"full-bg-image\" ><\/div><div class=\"section-boxed\" style=\"color:#373737;\"><div class=\"services-wrapper services-default cols-wrapper cols-4 pexeto-parallax\"><div class=\"services-box col\"><div class=\"img-container\"><img decoding=\"async\" src=\"http:\/\/nds-service.com\/wp-content\/uploads\/zelflex.jpg\" alt=\"Zelfelx\"\/><\/div><div class=\"services-content\"><div class=\"sc-wraper\"><h3>Zelfelx<\/h3><p>\u0218abloane laser pentru o mare varietate de rame autotensionante (Zelflex, Alpha etc.)<\/p><\/div><\/div><\/div><div class=\"services-box col\"><div class=\"img-container\"><img decoding=\"async\" src=\"http:\/\/nds-service.com\/wp-content\/uploads\/VG-jpg.webp\" alt=\"Vector Guard\"\/><\/div><div class=\"services-content\"><div class=\"sc-wraper\"><h3>Vector Guard<\/h3><p>\u0218abloane Vector Guard originale<\/p><\/div><\/div><\/div><div class=\"services-box col\"><div class=\"img-container\"><img decoding=\"async\" src=\"http:\/\/nds-service.com\/wp-content\/uploads\/zelflex-protect.jpg\" alt=\"Zelfex Protect\"\/><\/div><div class=\"services-content\"><div class=\"sc-wraper\"><h3>Zelfex Protect<\/h3><p>\u0218abloane tip Zelflex cu kit de protec\u021bie pentru eliminarea riscului de accidente<\/p><\/div><\/div><\/div><div class=\"services-box col nomargin\"><div class=\"img-container\"><img decoding=\"async\" src=\"http:\/\/nds-service.com\/wp-content\/uploads\/stepup.jpg\" alt=\"Step-up\"\/><\/div><div class=\"services-content\"><div class=\"sc-wraper\"><h3>Step-up<\/h3><p>\u0218abloane step-up\/step-down ob\u021binute prin fotogravur\u0103 chimic\u0103 \u0219i t\u0103iere laser<\/p><\/div><\/div><\/div><div class=\"services-box col\"><div class=\"img-container\"><img decoding=\"async\" src=\"http:\/\/nds-service.com\/wp-content\/uploads\/slim.jpg\" alt=\"Space Saver\"\/><\/div><div class=\"services-content\"><div class=\"sc-wraper\"><h3>Space Saver<\/h3><p>\u0218abloane lipite pe \u021bes\u0103tur\u0103 textil\u0103, cadre sub\u021biri din aluminiu, cu adaptoare magnetice<\/p><\/div><\/div><\/div><div class=\"services-box col\"><div class=\"img-container\"><img decoding=\"async\" src=\"http:\/\/nds-service.com\/wp-content\/uploads\/compatible.jpg\" alt=\"Compatibile\"\/><\/div><div class=\"services-content\"><div class=\"sc-wraper\"><h3>Compatibile<\/h3><p>\u0218abloane dezvoltate de compania noastr\u0103, compatibile cu alte tipuri de rame<\/p><\/div><\/div><\/div><div class=\"services-box col\"><div class=\"img-container\"><img decoding=\"async\" src=\"http:\/\/nds-service.com\/wp-content\/uploads\/mini-1.jpg\" alt=\"Mini\"\/><\/div><div class=\"services-content\"><div class=\"sc-wraper\"><h3>Mini<\/h3><p>\u0218abloane de mici dimensiuni (p\u00e2n\u0103 la 150x150mm)<\/p><\/div><\/div><\/div><div class=\"services-box col nomargin\"><div class=\"img-container\"><img decoding=\"async\" src=\"http:\/\/nds-service.com\/wp-content\/uploads\/electropolish_website-1.jpg\" alt=\"Electropolish\"\/><\/div><div class=\"services-content\"><div class=\"sc-wraper\"><h3>Electropolish<\/h3><p>Electropolish-ul (electrolustruirea) neteze\u0219te pere\u021bii aperturilor pentru un transfer mai bun al pastei<\/p><\/div><\/div><\/div><div class=\"services-box col\"><div class=\"img-container\"><img decoding=\"async\" src=\"http:\/\/nds-service.com\/wp-content\/uploads\/Nano-coating_WEB.jpg\" alt=\"Nano-coating\"\/><\/div><div class=\"services-content\"><div class=\"sc-wraper\"><h3>Nano-coating<\/h3><p>Protejarea \u0219abloanelor prin nano-coating \u00eembun\u0103t\u0103\u021be\u0219te calitatea \u0219i eficien\u021ba acestora<\/p><\/div><\/div><\/div><div class=\"services-box col nomargin\"><div class=\"img-container\"><img decoding=\"async\" src=\"http:\/\/nds-service.com\/wp-content\/uploads\/cad.jpg\" alt=\"CAD\"\/><\/div><div class=\"services-content\"><div class=\"sc-wraper\"><h3>CAD<\/h3><p>Servicii \u0219i suport CAD pentru proiectarea stencilurilor SMT<\/p><\/div><\/div><\/div><div class=\"clear\"><\/div><\/div>\n<\/div><\/div>\n<div class=\"testimonial-slider\" ><div class=\"testimonial-container no-image\"><div class=\"testimonial-wrapper\"><div class=\"testimonial-info\"><div class=\"testimonials-details\"><h2>Vlad Ionescu<\/h2><span>Inginer SMT \/ <a href=\"#\">Meferstein<\/a><\/span><\/div><\/div><blockquote><p>Doresc s\u0103 v\u0103 informez c\u0103 stencilurile comandate ieri se prezint\u0103 impecabil. V\u0103 mul\u021bumesc pentru timpul scurt de livrare \u0219i pentru suportul acordat. Mul\u021bumesc!<\/p><\/blockquote><\/div><\/div><div class=\"testimonial-container no-image\"><div class=\"testimonial-wrapper\"><div class=\"testimonial-info\"><div class=\"testimonials-details\"><h2>Petru Baciau<\/h2><span>NPI Engineer \/ <a href=\"https:\/\/www.celestica.com\/\">Celestica<\/a><\/span><\/div><\/div><blockquote><p>\u00cen ultimii ani, Net Digital Service a devenit un furnizor indispensabil pentru noi.\r\nPolitica dumneavoastr\u0103 de livrare a stencilurilor \u00een aceea\u0219i zi s-a dovedit a fi un punct cheie pentru noi \u0219i implicit pentru clien\u021bii no\u0219tri.<\/p><\/blockquote><\/div><\/div><\/div>\n<div class=\"section-full-width section-light parallax-fixed\" style=\"background-color:#f7f7f7;\" id=\"section-3\"><div style=\"background-image:url(http:\/\/nds-service.com\/wp-content\/uploads\/background_contact_us.jpg); opacity:0.2; filter: alpha(opacity=20);\" class=\"full-bg-image\" ><\/div><div class=\"section-boxed\" style=\"color:#777777;\"><div class=\"cta-element\"><h4 class=\"cta-small-title\">Pentru orice \u00eentrebare pute\u021bi s\u0103 ne trimite\u021bi un e-mail la<\/h4><h2 class=\"cta-title\">STENCIL@STV-GROUP.COM<\/h2><a class=\"button\" href=\"mailto:stencil@stv-group.com\" target=\"_blank\">contacta\u021bi-ne<\/a><\/div>\n<\/div><\/div>\n","protected":false},"excerpt":{"rendered":"","protected":false},"author":1,"featured_media":0,"parent":0,"menu_order":0,"comment_status":"closed","ping_status":"closed","template":"template-full-custom.php","meta":{"footnotes":""},"class_list":["post-327","page","type-page","status-publish","hentry"],"_links":{"self":[{"href":"http:\/\/nds-service.com\/index.php?rest_route=\/wp\/v2\/pages\/327","targetHints":{"allow":["GET"]}}],"collection":[{"href":"http:\/\/nds-service.com\/index.php?rest_route=\/wp\/v2\/pages"}],"about":[{"href":"http:\/\/nds-service.com\/index.php?rest_route=\/wp\/v2\/types\/page"}],"author":[{"embeddable":true,"href":"http:\/\/nds-service.com\/index.php?rest_route=\/wp\/v2\/users\/1"}],"replies":[{"embeddable":true,"href":"http:\/\/nds-service.com\/index.php?rest_route=%2Fwp%2Fv2%2Fcomments&post=327"}],"version-history":[{"count":0,"href":"http:\/\/nds-service.com\/index.php?rest_route=\/wp\/v2\/pages\/327\/revisions"}],"wp:attachment":[{"href":"http:\/\/nds-service.com\/index.php?rest_route=%2Fwp%2Fv2%2Fmedia&parent=327"}],"curies":[{"name":"wp","href":"https:\/\/api.w.org\/{rel}","templated":true}]}}