{"id":1623,"date":"2021-01-29T13:39:08","date_gmt":"2021-01-29T10:39:08","guid":{"rendered":"http:\/\/nds-service.com\/?page_id=1623"},"modified":"2024-08-23T10:26:51","modified_gmt":"2024-08-23T07:26:51","slug":"microtaiere-laser-de-precizie-ro","status":"publish","type":"page","link":"http:\/\/nds-service.com\/?page_id=1623","title":{"rendered":"Microtaiere laser de precizie &#8211; RO"},"content":{"rendered":"<div class=\"section-full-width section-custom\" style=\"\" id=\"section-1\"><div class=\"section-boxed\" style=\"color:#;\"><\/p>\n<h5 style=\"text-align: center;\">Executam microtaiere laser de precizie (pana la 5 microni toleranta), pentru serii mici de piese.<\/h5>\n<h5 style=\"text-align: center;\">Suprafata maxima de lucru 550x550mm<\/h5>\n<h5 style=\"text-align: center;\">Grosime maxima foi de metal: 450\u00b5<\/h5>\n<h5 style=\"text-align: center;\">Asiguram servicii de consiliere si proiectare\/desenare CAD<\/h5>\n<p>\n<\/div><\/div>\n<div class=\"testimonial-slider\" ><div class=\"testimonial-container no-image\"><div class=\"testimonial-wrapper\"><div class=\"testimonial-info\"><div class=\"testimonials-details\"><h2>Vlad Ionescu<\/h2><span>Inginer SMT \/ <a href=\"#\">Meferstein<\/a><\/span><\/div><\/div><blockquote><p>Doresc s\u0103 v\u0103 informez c\u0103 stencilurile comandate ieri se prezint\u0103 impecabil. V\u0103 mul\u021bumesc pentru timpul scurt de livrare \u0219i pentru suportul acordat. Mul\u021bumesc!<\/p><\/blockquote><\/div><\/div><div class=\"testimonial-container no-image\"><div class=\"testimonial-wrapper\"><div class=\"testimonial-info\"><div class=\"testimonials-details\"><h2>Petru Baciau<\/h2><span>NPI Engineer \/ <a href=\"https:\/\/www.celestica.com\/\">Celestica<\/a><\/span><\/div><\/div><blockquote><p>\u00cen ultimii ani, Net Digital Service a devenit un furnizor indispensabil pentru noi.\r\nPolitica dumneavoastr\u0103 de livrare a stencilurilor \u00een aceea\u0219i zi s-a dovedit a fi un punct cheie pentru noi \u0219i implicit pentru clien\u021bii no\u0219tri.<\/p><\/blockquote><\/div><\/div><\/div>\n<div class=\"section-full-width section-light parallax-fixed\" style=\"background-color:#f7f7f7;\" id=\"section-2\"><div style=\"background-image:url(http:\/\/nds-service.com\/wp-content\/uploads\/background_contact_us.jpg); opacity:0.2; filter: alpha(opacity=20);\" class=\"full-bg-image\" ><\/div><div class=\"section-boxed\" style=\"color:#777777;\"><div class=\"cta-element\"><h4 class=\"cta-small-title\">Pentru orice \u00eentrebare pute\u021bi s\u0103 ne trimite\u021bi un e-mail la<\/h4><h2 class=\"cta-title\">STENCIL@STV-GROUP.COM<\/h2><a class=\"button\" href=\"mailto:stencil@stv-group.com\" target=\"_blank\">contacta\u021bi-ne<\/a><\/div>\n<\/div><\/div>\n","protected":false},"excerpt":{"rendered":"","protected":false},"author":1,"featured_media":0,"parent":0,"menu_order":0,"comment_status":"closed","ping_status":"closed","template":"template-full-custom.php","meta":{"footnotes":""},"class_list":["post-1623","page","type-page","status-publish","hentry"],"_links":{"self":[{"href":"http:\/\/nds-service.com\/index.php?rest_route=\/wp\/v2\/pages\/1623","targetHints":{"allow":["GET"]}}],"collection":[{"href":"http:\/\/nds-service.com\/index.php?rest_route=\/wp\/v2\/pages"}],"about":[{"href":"http:\/\/nds-service.com\/index.php?rest_route=\/wp\/v2\/types\/page"}],"author":[{"embeddable":true,"href":"http:\/\/nds-service.com\/index.php?rest_route=\/wp\/v2\/users\/1"}],"replies":[{"embeddable":true,"href":"http:\/\/nds-service.com\/index.php?rest_route=%2Fwp%2Fv2%2Fcomments&post=1623"}],"version-history":[{"count":0,"href":"http:\/\/nds-service.com\/index.php?rest_route=\/wp\/v2\/pages\/1623\/revisions"}],"wp:attachment":[{"href":"http:\/\/nds-service.com\/index.php?rest_route=%2Fwp%2Fv2%2Fmedia&parent=1623"}],"curies":[{"name":"wp","href":"https:\/\/api.w.org\/{rel}","templated":true}]}}